hen g is divided by 17.
11
Let u(p) = -4*p**3 - 2*p**2 + p + 4. Let m be u(-3). Suppose a + 1 = 5*l - l, 4*a - m = -3*l. What is the remainder when a is divided by 5?
4
Suppose -5*f = 1 - 11. Suppose 3*d + 0 + 6 = 0. Let i(v) = -v**3 - v**2 + 2. What is the remainder when i(d) is divided by f?
0
Suppose -2*b = -10, 0 = n - 4*b + 2*b - 244. Calculate the remainder when n is divided by 52.
46
Let i(o) = o**3 + o**2 - 4*o + 11. What is the remainder when i(6) is divided by 60?
59
Calculate the remainder when 103 is divided by (3/9)/(7/273).
12
Let t = 145 - 114. Calculate the remainder when t is divided by 7.
3
Suppose -4*d = -39*n + 43*n - 112, 2*n - 58 = -d. Calculate the remainder when 474 is divided by n.
24
Let x(i) = -i**2 - 8*i + 12. Let b = 4 + -13. Let d be x(b). Suppose -d*g - 3*c + 75 = 0, 4*g - 103 = -2*c - 3*c. What is the remainder when g is divided by 6?
4
Let g = -1 - -4. Let j be g/2 - (-1)/2. Suppose -3*n + j*q + 144 = 0, 3*q - 6*q + 37 = n. What is the remainder when n is divided by 12?
10
Let o = -120 - -121. Suppose -o = 3*h - 28. Calculate the remainder when 31 is divided by h.
4
Let f(c) = c**2 - 5*c + 5. Calculate the remainder when f(12) is divided by 6/(12/(-10)) - -36.
27
Let y be (-1)/((-2)/6*1). Suppose -j + 4*n = -0*n - 47, 130 = y*j - n. Calculate the remainder when j is divided by (-1 + 4)/(2/10).
13
Suppose 59 = 3*m + a - 2*a, 3*m = -5*a + 47. Calculate the remainder when 164 is divided by m.
12
Let c(b) = -9*b**2. Let f be c(-1). Let x be (-6)/(-27) - 25/f. Suppose 5*w - x = q, -5*w = -0*q + 2*q - 9. Calculate the remainder when 7 is divided by q.
1
Let b be 2/3*(27 - 24). Suppose -b*d + 51 = -d. Let h = 77 - 50. What is the remainder when d is divided by h?
24
Suppose 8*s - 60 = 12. Suppose 5*r - s = 2*i, 2*r + 0*r = -5*i + 50. Calculate the remainder when 29 is divided by i.
5
Suppose 0*b = 5*b - 4*d + 78, -4*d + 8 = 0. Let k = 20 + b. Calculate the remainder when (-4)/k - 179/(-3) is divided by 21.
17
Let n = -2499 + 2540. Calculate the remainder when 1064 is divided by n.
39
Calculate the remainder when 1/4 + (-42594)/(-248) is divided by 54.
10
Suppose 51 = -0*i + i. Let p = -178 - -192. What is the remainder when i is divided by p?
9
Let p = 16 - 6. Let d be 1/(-1) + 30/p. Suppose r = d*r - 74. What is the remainder when r is divided by 15?
14
Let i(y) = 2*y. Let t(b) be the first derivative of -b**2/2 + 8*b + 11. Calculate the remainder when i(1) is divided by t(7).
0
Let i = 1655 + -746. Calculate the remainder when i is divided by 48.
45
Let f = 123 - 60. Calculate the remainder when f is divided by 4 + (126/14 - 6/3).
8
Let q = 3 - 2. Let x = -24 + 38. What is the remainder when (-462)/(-12) - q/(-2) is divided by x?
11
Suppose -5*l = k - 2 - 19, l - 4*k = 0. Suppose 4*y = 4, 4*m + l*y = 7*y + 105. Calculate the remainder when 213 is divided by m.
24
Let m be (4 - 2)*(-5)/((-30)/951). Suppose -m = -14*b - 79. Calculate the remainder when 30 is divided by b.
13
Suppose 2*t = -17 - 143. What is the remainder when (2/(-4))/((-1)/60) is divided by (t/(-15))/8*12?
6
Suppose -5*l - 9*u = -13*u - 235, 5*l - 3*u - 235 = 0. What is the remainder when l is divided by 31?
16
What is the remainder when 51 is divided by (-7)/(-21)*-3 - -5?
3
Let h(m) = -2*m**3 + m**2 + 5*m + 5. Let q = -11758 - -11784. What is the remainder when h(-4) is divided by q?
25
What is the remainder when 41 is divided by (3 + 4/(-2))*(9 - -2)?
8
Suppose -20 = -4*m + 2*y, -8 = 2*y - 0*y. Suppose -m*c = 4*p - 483, -249 = -2*p + 2*c - 5*c. What is the remainder when p is divided by 40?
37
Let q(p) = p**3 + 32*p**2 + 28*p - 70. What is the remainder when q(-31) is divided by 15?
8
Suppose -2*o + 5*r + 36 = -9, 4*o - 4*r = 72. What is the remainder when 644 is divided by o?
14
Suppose 3*s = -2*b + 110 - 25, s + 3*b - 19 = 0. Let k = -18 + s. What is the remainder when (416 - 8)/(-17)*(9/(-6))/1 is divided by k?
10
Let l = -25 - -75. Calculate the remainder when 1499 is divided by l.
49
Let g = -1288 - -1516. Calculate the remainder when g is divided by 61.
45
Suppose 0 = -5*y - 3*z + 52 - 9, 2*z + 14 = 2*y. What is the remainder when 340 is divided by y?
4
Let p = -77 - -86. What is the remainder when 98 is divided by p?
8
Suppose 2*x + 2 - 10 = 0. Suppose -31 = -5*b - 2*c + 42, x*b + c = 56. What is the remainder when 50 is divided by b?
11
Let f(d) = 2*d**3 - 2*d**2 + 5*d + 3. Let g be f(5). Calculate the remainder when 54 is divided by (0 - -1)/(12/g).
16
What is the remainder when 24 is divided by -10 - (6 - -1 - 30)?
11
Suppose -2*i + 4*h + 46 = 0, 0*h - 3*h - 9 = 0. Suppose -d + 6 = d. Suppose 168 = 5*m + d. Calculate the remainder when m is divided by i.
16
Let w(p) = -2*p - 1. Let z be w(-3). Suppose -3*i + 29 = -6*d + d, 2*d + 61 = z*i. Calculate the remainder when i is divided by 8.
5
Suppose -20*a = 2*p - 17*a - 575, -p + 2*a + 291 = 0. Calculate the remainder when p is divided by 29.
28
Let w(d) = -d**2 + 7*d - 5. Let x be w(5). Suppose 0 = -2*f + b + x, 0 = f + f - 4*b + 4. Suppose -2 + 14 = 2*i. What is the remainder when i is divided by f?
2
Let b = 23 + -14. Let i = 11 + b. What is the remainder when 58 + 4 + (1 - 4) is divided by i?
19
Let r = 1128 + -1116. Calculate the remainder when 83 is divided by r.
11
Let w(o) = o**2 + 25*o + 3. Suppose -6*b - 25 = -5*b. Calculate the remainder when 8 is divided by w(b).
2
Let c be (-3 - 0)/(1/(-3)). Suppose -u + 84 = 2*u + 4*j, 0 = 3*j + c. Calculate the remainder when u is divided by 11.
10
Let j = -146 - -150. What is the remainder when 22 is divided by j?
2
Let m(v) = -v**3 + 25*v**2 + 19*v - 53. What is the remainder when m(25) is divided by 25?
22
Let x(g) = 2*g**2 + 2*g + 1. Let k(d) = 155*d**2 - 576*d - 2. What is the remainder when k(4) is divided by x(-4)?
24
Let l(o) = -470*o - 1865. Let u be 1 + (-1)/(-1) - 29. What is the remainder when (u/2)/((-1)/2) is divided by l(-4)?
12
Let b(j) = j**2 + 9*j - 32. Let w be b(-12). Suppose k - 2*s - 8 = 46, -w*s = 2*k - 100. Calculate the remainder when k is divided by 9.
7
Let n be (-17)/(-2) - 2/(-4). Let u be (-12)/n*3/2. Calculate the remainder when 10 is divided by 2 - u - (-2 + 0).
4
Suppose 5*v = -3*q + 47, v - 5*q + 15 = 3*v. Suppose -5 = c, j - 17 = -4*c + v. Let h = -364 + 376. What is the remainder when j is divided by h?
11
What is the remainder when 289 is divided by (244 + 1)*(-161)/(-1127)?
9
Let p = -4 - -6. Suppose p*u = -2*u + 76. Let c = 4301 - 4228. What is the remainder when c is divided by u?
16
Suppose -2*q + 2*v + 94 = 0, 8*q = 7*q + 2*v + 49. What is the remainder when 224 is divided by q?
44
Let v = -499 - -507. What is the remainder when 207 is divided by v?
7
Let t(r) = 9*r + 10. Suppose 0*o - 57 = -3*o. What is the remainder when t(5) is divided by o?
17
Let z be (2 + (1 - 1))/(-2). Let i(j) = -66*j**3 - j - 1. Calculate the remainder when i(z) is divided by (-100)/(-3) - (4 - 70/15).
32
Suppose 2*o = -7 + 3. Calculate the remainder when (26/4)/((-22)/12 - o) is divided by 11.
6
Suppose 2*a - 15 - 1 = 0. Suppose 0 = -p + a - 4. Suppose -p*o = -25 - 23. Calculate the remainder when 46 is divided by o.
10
Let g = -38 + 105. Calculate the remainder when g is divided by 10.
7
Suppose 3*x + 4*y - 17 = 0, -2*y + 5*y = -3. Let k(v) = 2*v**3 + 33*v**2 - 17*v + 14. Calculate the remainder when k(-17) is divided by x.
0
Let l = -14 - -255. Calculate the remainder when l is divided by 82.
77
Suppose 2*o - 9 = -3*t + 4*t, -16 = 2*o + 4*t. Calculate the remainder when 28 is divided by o.
0
Suppose 5*o + 4 = -a - 5, 0 = -5*a + o + 85. Suppose -z + 3*h + a = 0, -h + 6 = 4*z - 19. Let p(m) = -3*m - 1. What is the remainder when p(-7) is divided by z?
6
Let o be -1 + 84/(2 - -2). Suppose -p + 3*p = o. Suppose -3*x - 2*g = -82 - 31, 88 = 2*x - 5*g. What is the remainder when x is divided by p?
9
Let i = -183 + 220. What is the remainder when i is divided by 13?
11
Let u(c) = c**3 - 23*c**2 + 27*c - 81. What is the remainder when 895 is divided by u(22)?
25
Suppose -v = 1, -2*h - 3*v + 80 = -113. Calculate the remainder when h is divided by 32.
2
Suppose 3*d = -w + 31, -w + 2*w + 2 = 0. What is the remainder when (((-3320)/(-264) - 4) + 5/55)*6 is divided by d?
8
Let o = 29 + -9. Let d = -53 + 92. What is the remainder whe